q**2 + 10*q + 19. Let g(u) = -7*u**3 - 29*u**2 - 8*u - 15. Let z(y) = 14*g(y) + 11*k(y). Suppose -6 = 5*x - 2*x. Calculate z(x).
-1
Let x(u) = 13*u + 7. Suppose k - i = -1, -5*k + 4*i - 274 = -265. Determine x(k).
-58
Let u(j) be the first derivative of -21 + 1/2*j**2 + 2*j. Let l be u(0). Let a(k) = k**3 - k**2 + 2. Determine a(l).
6
Let r be 5 + -2 + (2 - 3). Suppose -12 = -2*b + r*s, -3*s = 2 - 5. Let h(g) = -3 - g**3 - b*g + 3*g - 6*g**2 + 2*g + g**2. Calculate h(-4).
-11
Let q(d) = -7*d - 14. Let k(a) be the third derivative of a**4/24 - 14*a**2 - 2. Let l(t) = 6*k(t) + q(t). Give l(-9).
-5
Suppose 29*c + 17204 = -5*c. Let o = 504 + c. Let h(d) be the first derivative of d**3/3 + d**2 - d + 2. Determine h(o).
-1
Let l be ((-1 - 2) + 3)*(3 + (-45)/18). Let k(i) = i**3 - i**2 + i + 37. Calculate k(l).
37
Let k(z) = -11*z - 2 - 5*z - 2*z**2 - 3 + z**2. Let u(v) = -3*v - 1. Let o(f) = 2*k(f) - 11*u(f). What is o(2)?
-5
Suppose -4*y + 26 = -2*i, 18 = y + i + 19. Let o(w) = -2*w + y*w + 6661 - 6651. Calculate o(-11).
-12
Suppose 5*m = -29 - 16. Let a(s) = s**2. Let b(z) = 2*z**2 + 11*z + 10. Let x(w) = -a(w) + b(w). Give x(m).
-8
Let j(z) = 16*z**2 + 5*z - 51*z**2 + 19*z**2 + 0*z + 15*z**2 - 1. Let p = -275 + 278. What is j(p)?
5
Let l(h) = h - 2. Let n be 0/((-17)/(34/4)). Suppose 577*x - 582*x - 40 = n. What is l(x)?
-10
Let l(b) = b + 1 - 7*b + 0. Let f(i) be the third derivative of -i**6/120 + 2*i**5/5 + 13*i**4/12 - 4*i**3 - 15*i**2. Let m be f(25). Determine l(m).
-5
Let o(s) = -6*s**2 - 3*s + 2. Let a(q) = 29*q**2 + 22*q + 14. Let d(w) = -a(w) - 5*o(w). What is d(13)?
54
Let o(u) = 6*u**3 - 23*u**2 + 11*u - 7. Let z(f) = -f**3 + 3*f**2 - f. Let c(n) = -o(n) - 5*z(n). Determine c(8).
-41
Let z be (-2 - 0)*(2 + -4). Suppose -z*q + 14 = -2*q. Suppose 7*k + q + 0 = 0. Let o(b) = -2*b**3 - b**2 + 1. What is o(k)?
2
Let p = 3 + -2. Suppose f + 4*k + 3 = -1, -5*k - 2 = 2*f. Let c(g) = 8602*g + f - 8597*g - 3. Give c(p).
6
Let d(q) = q**3 + 5 - q**3 - 6*q - q**3 + 7*q**2. Let m be (14 + (4 - 1))*1. Suppose 0 = 6*c - 53 + m. Calculate d(c).
5
Suppose -13*u + 4*u + 180 = 0. Let g(q) = 75 + u*q**2 - 158 + q**3 - 21*q + 74. Let t be g(-21). Let y(n) = n + 6. Calculate y(t).
-3
Let l(y) = y**2 - 7*y + 5. Let v be 79184/490*5/2. Let u = v - 397. Give l(u).
5
Let h be ((-12)/(-30) + (-32)/30)*-6. Suppose 0 = -2*c + 3*v + 2, 3*c + 3 = h*c - v. Let o(m) = -6 - c - m**3 + m + 4. What is o(0)?
-9
Let w(j) = -6*j**2 - 12*j - 2. Let m be w(-2). Let f be (-1)/(-3)*(-9 - -15). Let r(x) = -x + x + x - f*x. Calculate r(m).
2
Let j(y) = 5 - 5 + 1 - y. Let p(c) = -15*c + 52. Let q be p(3). Give j(q).
-6
Let q(d) = 10153 - 5083 + 6*d - 5072. Suppose -h + 0*h + 5*g = 4, -2*h - g = -14. Give q(h).
34
Let j(i) be the first derivative of i**4/4 - 7*i**3/3 + 2*i**2 - 3*i + 260. Give j(8).
93
Let j(n) = n**3 - 6*n**2 + n. Suppose 6*d - 11 + 5 = 0. Let o be 30/(-180)*(-29 - d). Give j(o).
-20
Let a(u) be the second derivative of u**3/3 - 11*u**2 - 3*u + 150. Give a(16).
10
Let d(x) = -x**3 + 6*x**2 + 24*x - 1. Let u(o) = -o**3 - 18*o**2 + 245*o + 63. Let f be u(-27). What is d(f)?
-28
Let n(f) be the third derivative of f**6/40 - f**5/4 - 3*f**3/2 + 42*f**2 + f + 7. Calculate n(5).
-9
Let j be -3*(-129)/(-36)*76. Let l be 13158/j + (-4)/(-38). Let u(z) = -z**3 - 16*z**2 - z - 19. Give u(l).
-3
Let a(s) = s - 8. Suppose -8*d + 10 = -7*d + b, -3*d = b - 18. Calculate a(d).
-4
Let b be (-9 - -8 - (-232)/22) + (-48)/88. Let s(a) = -2*a**3 + 17*a**2 + 10*a - 7. Give s(b).
2
Let o be (1 - (0 + -2))*-7. Let q be (o - -22)/(-2 + 1). Let s(k) be the third derivative of k**6/120 + k**5/30 + k**4/24 + 170*k**2. Give s(q).
0
Let l(p) = p**3 + 15*p**2 + 48*p - 14. Let n be l(-10). Suppose 0 = 5*q + 3*x - 15, 0 = q - n*x + x + 25. Let r(c) = -c**3 + c - 9. Determine r(q).
-9
Suppose -30*y = -7*y - 161. Let u(j) = 3 + 10 + 4*j - 18 + 4 + y. Give u(-2).
-2
Let k(q) = -q**3 + 34*q**2 - 13*q - 27. Let v(h) = -3*h**2. Let a(u) = -k(u) - 6*v(u). Determine a(15).
-3
Let t be (2/(-7) - (-51)/7)/1. Suppose 4*v - 2*v - t = g, 4*v - 13 = g. Let q be 195/26*(1/v + -1). Let n(y) = y**2 + 5*y + 6. Determine n(q).
6
Let r(z) = 28*z + 30. Let f be r(-1). Let k(g) = -27*g**2 - 86*g - 45. Let o(q) = 5*q**2 + 17*q + 9. Let v(c) = f*k(c) + 11*o(c). Calculate v(-13).
-17
Let c = 4174/3 + -1391. Let b(u) be the second derivative of 6*u**2 + c*u**3 + 0 + u. Give b(-8).
-4
Let w = 187 - 184. Let g(t) = -35 - 2*t**2 + 38 + 2*t + 3*t**2 + t**3 - w*t. Give g(-3).
-12
Let k be 67 + (1 - (-2 + 3)) - -2. Suppose 5*h - k = -54. Let m be h/(-6)*(-8)/(-2). Let c(s) = -s**2 + s + 1. What is c(m)?
-5
Let p = -6 - -7. Let r(s) = p + 0*s**2 + s**2 - 1 + s + 4. Let k(q) = 3*q**2 + 3*q + 11. Let j(g) = -4*k(g) + 11*r(g). Calculate j(-2).
-2
Let a(f) = 2*f**2 - 13*f. Suppose 2*m - 4*i = -24 + 58, -3*m = 3*i + 3. Calculate a(m).
-15
Let d(a) = -3*a**3 + 10*a**2 - 4*a - 8. Let b be d(-5). Let j = b - 647. Let r(v) = v**2 + 9*v - 5. What is r(j)?
5
Let c(x) = x + 35. Let g be (-80)/(-48)*6*(-1)/(-2). Suppose 5*l = 3*d + 6, 5*l - 8 = g*d + 2. What is c(l)?
35
Let k(v) = -3*v**3 + 4*v**2 + v + 6. Let h(g) = -3*g**3 + 3*g**2 + g + 5. Let l(d) = -5*h(d) + 4*k(d). Let t(a) = 3*a - 49. Let m be t(16). Give l(m).
-2
Let h(w) = -w**3 - 34*w**2 - 26*w - 45. Let k(o) = 4*o**2 + 2. Let t(a) = h(a) + 6*k(a). Calculate t(-7).
2
Let d = 8354 + -8351. Let i(n) = n**2 - 6*n + 2. Let r(f) = -f**2 + 5*f - 2. Let j(z) = -3*i(z) - 4*r(z). Calculate j(d).
5
Let a(t) = -169*t**2 - 174*t**2 - 169*t**2 + 4 - 9*t - 175*t**2 + 686*t**2. Let v = -27 + 19. Calculate a(v).
12
Suppose 14*n + 29 = -6*n + 129. Let g(j) = j**3 - 6*j**2 + 2. Calculate g(n).
-23
Let o(s) be the third derivative of s**4/4 - 13*s**3/6 - 2*s**2 - 148*s. Calculate o(4).
11
Let h(n) = 15*n - 22. Let z(b) = 46*b - 51. Let f(o) = 8*h(o) - 3*z(o). Give f(-5).
67
Let w(c) = c**2 + 6*c + 5. Let q be w(-5). Suppose -v + q*v = -9. Let k(r) = -1 + 1639*r**3 - 10*r**2 - 3278*r**3 + 3*r + 1 + 8*r + 1640*r**3 - 5. What is k(v)?
13
Let p(m) = 6*m + 11*m**3 - 17*m + 30*m**2 - 12*m**3 - 42*m**2 - 6. Suppose 3 - 25 = 2*c. Give p(c).
-6
Let p(g) = 2*g - 28. Let r be p(18). Let z be (-32)/20*(-10)/(-2). Let q = z + r. Let m(c) = c**2 + c + 7. Give m(q).
7
Suppose 5*z = -0*z + 5*j + 15, 2*z + j = 6. Suppose 2*v + 2 = 0, w + 12 = -z*v + 10. Let d(l) = -12*l**2 + 2*l - 1. Give d(w).
-11
Let m(w) be the third derivative of 17/6*w**3 + 0*w - 1/24*w**4 - 26 + 1/60*w**5 - 2*w**2. Give m(0).
17
Suppose 3*s + s = 0. Let t(n) be the first derivative of n**3/3 - 4*n - 3357. What is t(s)?
-4
Let w(q) = 4*q**2 - 57*q + 58*q + q**3 + 0*q**3. Let p(j) = j**2 - 3*j. Let h be p(4). Let u = h - 7. Calculate w(u).
6
Let g(m) = -171 + 723 - 3*m + 5*m - 176 - 185 - 177. Let j = -24 + 13. What is g(j)?
-8
Let q(l) = -l + 2. Let u(r) = 8 + 19 - 17 + 5 - 12*r. Let p(w) = -22*q(w) + 2*u(w). Give p(-9).
4
Let n(r) be the second derivative of r**6/120 + r**5/40 - r**4/12 + 5*r**2 + 28*r + 1. Let c(m) be the third derivative of n(m). Let a = -1 + -1. What is c(a)?
-9
Let h(l) = l**2 - 8*l - 6. Suppose 3*k - 3*j = 27, 2*k - 42*j = -37*j + 18. Give h(k).
3
Let n(f) = -1. Let g(c) = -c. Let m(t) = g(t) - 4*n(t). Suppose -1939*d + 1943*d - 42 = 2*s, 3*d - 24 = -s. Calculate m(s).
7
Let k(y) be the first derivative of y**2/2 - y - 12337. Suppose 5*p + 3*t = 188, 2 = -3*t - 10. Let i be 1/(-3) + p/(-6). What is k(i)?
-8
Let v(k) = 1 - 93162581*k**2 - 3*k + 93162580*k**2 + 8*k. Let x = -10 + 14. Give v(x).
5
Let y(j) = -j**2 + 7*j - 5. Let d = 214 - 176. Suppose -2 = 6*w - d. Determine y(w).
1
Let w(v) be the first derivative of -v**4/4 - v**3/3 + 7*v**2/2 - 40*v + 311. Give w(0).
-40
Let g be (-6)/9 - 80/(-3). Let j = 5650 - 5648. Suppose 2 = 3*z + 2*k, -3*z + j*k + g = z. Let r(x) = -x**2 + 5*x - 4. What is r(z)?
0
Let o(p) = 2*p**3 - 35*p**2 - 60*p + 52. Suppose 0 = -5*t - 3*v + 56 + 36, -5*v + 52 = 3*t. Calculate o(t).
-5
Let i(x) be the second derivative of 0 - 71*x - 1/3*x**3 - x**4 + 1/2*x**2. Give i(1).
-13
Suppose -46*a = -37*a - 54. Let i(b) = -4*b + a*b - 2*b + 6*b. Let x be (-39)/12 + 2/8. Determine i(x).
-18
Let z(l) = 5*l + 2. Suppose -7*q + 3*q + 5 = 3*i, -9 = -i - 5*q. Let v be (1 + i)/((-8)/(-4)). Let t be 4/(-6)